= k + 4*k + 35. Let p(n) be the first derivative of n**5/60 + n**4/3 + 26*n**3/3 - 34. Let h(v) be the third derivative of p(v). Calculate h(k).
-6
Let c = -4496 + 4513. Let s(l) = -9*l + 22. Determine s(c).
-131
Let k = 69 + -66. Let y(o) be the third derivative of -o**5/15 + o**4/8 - o**3/3 - 44*o**2. Give y(k).
-29
Let z = 13262 + -13237. Let l(p) = -p**3 + 27*p**2 - 53*p + 73. Determine l(z).
-2
Let f(t) = -47*t - 228. Let r(h) = -24*h - 114. Let x(b) = -3*f(b) + 5*r(b). Let j be x(-6). Let g(y) = y**2 + 14*y + 17. Calculate g(j).
-7
Suppose 21*c + 3*l = 26*c - 3, -1 = 3*c + l. Let o(j) = -j**3 + j**2 + j - 11. Give o(c).
-11
Let t(c) be the third derivative of c**5/15 + 43*c**4/24 - c**3 + 1742*c**2. Calculate t(-11).
5
Suppose 4*z - p + 3 = 0, -2*z - 1 = -p + 2. Suppose 0 = 2*u - 3*u. Let x be u + z + -5 + 3. Let v(q) = 2*q**2 - q + 1. Give v(x).
11
Let n(a) = 268594 - 536956 + 16*a**2 + 268558 + 12*a + a**3. Determine n(-16).
4
Suppose -582*c + 579*c = -l - 10, -4*c = -3*l - 10. Let a(z) = 2*z**3 - 10*z**2 + 8*z - 1. Calculate a(c).
-1
Let z be (-7)/(-21) - 40/(-15). Let u(t) be the third derivative of t**6/120 - t**5/12 + t**4/8 + 2*t**3/3 + 20*t**2. What is u(z)?
-5
Let k = 161 + -151. Suppose 0*a - 2*s = 4*a - k, s = -a + 2. Let q(r) = -r**2 + r + 1. Determine q(a).
-5
Let u(f) = -f + 15. Let j = 2973 - 2957. Determine u(j).
-1
Let r = -24 - -26. Let i(n) = -2*n + 0 - 4*n - 5 - 4 - n**r. Let x be 10/25 + 96/(-15). Determine i(x).
-9
Let n(p) be the second derivative of p**8/6720 - p**7/504 + p**6/180 - p**5/60 - 11*p**4/3 + 121*p. Let m(s) be the third derivative of n(s). What is m(3)?
-8
Let d be 0 + 1 + 4/2. Suppose -5*w = -d + 8. Let g(r) = 8*r + 803. Let o(j) = -j - 268. Let a(y) = -g(y) - 3*o(y). Determine a(w).
6
Let g = 46 - 46. Suppose -15*q + 13*q = g. Let m(l) = l + 2. Let b(y) = 4*y - 1. Let h(u) = b(u) - 3*m(u). Calculate h(q).
-7
Let y(l) = -l**3 + 60*l - 6*l**2 + 0*l**2 - 10*l + 7*l**2 + 34 - 31*l. Give y(-2).
8
Suppose 812*m - 775*m = -148. Let c(v) = 3*v + v - 6*v - 4 + 0*v. What is c(m)?
4
Let b(t) = -10*t**2 + 26*t**2 + 29 - 44*t**2 - 5 - 7*t + 26*t**2. Give b(7).
-123
Suppose 0 = -s + 107 - 37. Suppose 0 = -f + 5*z - 4, -13*z + 10*z = 5*f - 36. Suppose -94 = -f*n - s. Let d(m) = m**2 - 6*m + 3. Give d(n).
-5
Let h(w) = w**2 + 7*w - 2. Let s be 1*9/(-9) + 20. Suppose 19*b - 20*b + 14 = 4*c, -4*b - c = s. Give h(b).
-8
Let j be 185/20 + (-18 - -9) - 86/(-8). Let m(v) be the third derivative of -v**5/60 + 5*v**4/12 - v**3/6 + v**2. Give m(j).
-12
Let o(p) be the first derivative of -p**3/2 - 3*p**2/2 + 31*p + 228. Let u(q) be the first derivative of o(q). Give u(3).
-12
Let k(m) be the first derivative of m**3/3 - 2*m**2 - 33*m + 515. What is k(8)?
-1
Suppose -16*w + 13*w - 15 = 0, 0 = m + w + 6. Let h(c) = 2*c**2 + 5*c + 6. Let o(i) = i + 1. Let s(g) = m*h(g) + 6*o(g). What is s(2)?
-6
Let w(c) = 3*c**3 - c**2 - 12*c - 10. Let o = 23851 + -23853. Give w(o).
-14
Let p(v) = 2*v**2 + 6*v + 6. Let x(o) = -2*o**3 - 8*o**2 - 5*o - 1. Suppose -2*g + 15*g + 39 = 0. Let q be x(g). Determine p(q).
14
Let g(k) = -k**3 + 11*k**2 - 9*k + 19. Let i be g(10). Let h = i - 34. Let s(n) = 6*n - 9. Let b(a) = -3*a + 5. Let y(c) = h*b(c) - 3*s(c). Determine y(5).
-13
Let q(o) = 22 - 4*o**3 + 5*o**3 - 19*o - 8*o**2 + 27*o**2. Suppose 1623*p - 1523*p + 1010 + 990 = 0. Calculate q(p).
2
Let d = -3965 + 3965. Let y(b) = -b**2 + 8*b - 4. Determine y(d).
-4
Let m(o) = -31*o - 4. Let p be m(3). Let f = p - -99. Let a(b) = b - 6*b + b**2 + f*b + 1. Determine a(1).
-1
Let k(b) = -3*b**2 + 10*b + 13. Let n(h) = -h**2 + 1. Let m(a) = k(a) - 4*n(a). Let t be m(-8). Let p(x) = -3*x - 5. What is p(t)?
16
Let j(c) be the first derivative of -c**4/4 + 5*c**3/3 - 9*c**2 + 48*c - 6575. Give j(4).
-8
Let y(d) = 2*d**3 - 16*d**2 - 128*d + 3. Let v be y(-5). Let z(h) = -h**3 - 6*h**2 + 5*h - 21. Give z(v).
-7
Let m(p) = p**2 + 15*p + 34. Let x = -6379 + 6367. Give m(x).
-2
Let i = -7770 - -7774. Let l(t) be the first derivative of -t - t**2 - 5/2*t**i + 19 + 0*t**3. What is l(-1)?
11
Let f(g) be the first derivative of -g**4/4 + 5*g**3/3 - 5*g**2/2 - 8*g - 3096. Calculate f(6).
-74
Suppose -19 = -5*x + j - 0*j, 5*x - 24 = -4*j. Suppose -x*f - 17*f = -21. Let a(c) = -16*c. Give a(f).
-16
Let y(m) = 2*m**3 - 3*m**2 + 3*m. Let c = 13 + -16. Let z be c/9*-3 + 1 + 3. Let q be 3 - (z - 0 - 4). Determine y(q).
10
Suppose -1002 = 12*p + 1830. Let b = 235 + p. Let f(c) = 2*c**3 - c - 1. What is f(b)?
-2
Let o(w) = -w**2 + 10*w - 1. Suppose 240*n + 6 = 237*n, -k - n = -8. Calculate o(k).
-1
Let q(m) = -3*m - 38. Let g be q(-14). Let b(o) = 4 + 2 + g + 11 - 24 + o. What is b(0)?
-3
Suppose 114*x = 93*x - 39 + 186. Let d(h) = h**3 - 5*h**2 - 9*h + 20. Calculate d(x).
55
Let i(y) = -y**3 + 6*y**2 + 8. Let p be i(6). Let a(u) = 3*u**3 - 2 + p*u + 3 - 6*u. Let k(g) = -4*g - 25. Let b be k(-6). What is a(b)?
-4
Let j(p) = -p + 8. Suppose 0 = 16*n + 547 - 3811. Let i = -200 + n. Give j(i).
4
Let z(i) = 120*i - 92. Let d(k) = 49*k - 47. Let u(l) = -5*d(l) + 2*z(l). Calculate u(9).
6
Let c(v) = -19*v + 3*v**2 + 62*v - 16*v + v**3 + 1 - 19*v - 18*v. What is c(-5)?
1
Let w(u) be the third derivative of -u**4/24 - u**3/6 + 7*u**2. Let a = 15 + -12. What is w(a)?
-4
Let y(c) = c**2 - 7*c + 8. Let a = -8 - -11. Let r = 398 - 394. Suppose -p = -x - a - 9, -r*p = 4*x - 8. Calculate y(p).
8
Let c be 1*(138/8 + (-6)/24). Let l(j) = 23*j + 2 - 8*j - c*j. Suppose -2*u - u - 2*v = 10, -4*u + v = 6. Give l(u).
6
Let l(o) = 15*o + 11. Let g(c) = -32*c - 22. Let f(a) = -2*g(a) - 5*l(a). Determine f(-5).
44
Let a(n) = -5*n - 4. Let h(z) be the second derivative of -11*z**3/6 - 41*z**2/2 - 8*z + 1. Let y be h(-4). Give a(y).
-19
Suppose 48 = -3*i - 3*t, -3*i + 9*t = 4*t + 24. Let q(c) = c**2 + 13*c + 22. Let y be q(i). Let v = y + -23. Let u(s) = -s**3 - 2*s - 1. Give u(v).
2
Let g(f) be the second derivative of 1/60*f**5 - 7/24*f**4 + f**3 + 0 - 20*f - 21/2*f**2. Let x(s) be the first derivative of g(s). Determine x(7).
6
Let j(o) = -18*o + 99. Let u(p) = -12*p + 74. Let i(z) = -5*j(z) + 7*u(z). Calculate i(-5).
-7
Let f(l) be the second derivative of -1/24*l**4 + 1/2*l**3 + 0 - 1/120*l**5 + 0*l**2 - 11*l. Let g(k) be the second derivative of f(k). Give g(7).
-8
Let x = -73 - -36. Let z = 39 + x. Let t(s) = -48*s + 2 + 47*s - z. Determine t(-2).
2
Let l(b) = -35 - 2*b**2 + b**3 + 22 + 8*b**2 - b**2 + 16. Suppose 5*k = 2 - 27. What is l(k)?
3
Let k(a) = -a**2 + 9*a + 1. Let v(w) = -2*w**2 + 2*w - 12. Let u be v(12). Let g = 179 + u. Let m be (-2)/(-11) + g/(-11). Calculate k(m).
1
Let x(l) be the second derivative of l**2/2 - l. Let u(n) = -n**3 - n**2 + 5. Let j(c) = c**3 - 8*c + 6. Let z be j(-3). Let q(d) = z*x(d) - u(d). What is q(0)?
-2
Let p(m) = -m**2 - 17*m - 21. Suppose -69 = 13*b - 10*b + 3*g, 0 = 2*b - 5*g + 4. Calculate p(b).
-21
Let q(w) = -8 + w + 5*w**2 - 3*w**2 - w**2. Let x be 6/144*-69 - 1/64*8. What is q(x)?
-2
Let n(k) = 2*k**3 - 17*k**2 + 5*k + 9. Let s(f) = -f**3 + 10*f**2 - 5*f - 8. Let v(b) = 2*n(b) + 3*s(b). Calculate v(5).
-6
Let v(g) = 7*g**2 + 8*g + 7. Let o(j) = 20*j**2 + 23*j + 20. Let n be -35 + 0 + 5 + -4. Let a = n - -40. Let t(b) = a*o(b) - 17*v(b). What is t(-3)?
4
Let y(m) be the first derivative of -m**2/2 + 4*m + 10115. What is y(-14)?
18
Suppose -2*d = -5*r + 16, 57 - 75 = -3*r. Let t(v) = -v**3 + 10*v**2 - 9*v + 7. What is t(d)?
91
Let y = 77 + -67. Suppose o - y = -4*r, 9*r + 5*o = 4*r + 5. Let x(v) be the third derivative of v**4/12 - v**3/6 + v**2. What is x(r)?
5
Let p(q) = -q**3 - 5*q**2 - 4. Suppose -6 = -l - 3*b, -4*b + 41 = -3*l + 7. Let h(i) = i**3 + 5*i**2 - 6*i - 7. Let g be h(l). Let n = -12 - g. Give p(n).
-4
Let y(m) = -m**2 + 8*m + 4. Let o(k) = -k**3 - 4*k**2 + 9*k + 20. Let x be o(-5). Suppose x = 5*q - 223 + 183. Calculate y(q).
4
Let p(d) be the third derivative of -5*d**4/24 + 5*d**3/6 + 154*d**2. Let h(i) = 7*i - 6. Let u(b) = -4*h(b) - 6*p(b). Calculate u(3).
0
Let w be (-2608)/(-52) - (2 - (-24)/(-13)). Suppose -4 = -14*m + 12*m. Let q(t) = 117*t - w*t - 2 - t**m - 59*t. Calculate q(6).
10
Let i(r) = -2*r**2 - 96*r - 186. Let v be i(-2). Suppose 0 = 4*h - 11 + 3. Let t(o) = 4*o**2 - 4 + 0 + 5 - h*o. Calculate t(v).
21
Let n(u